{"id":2,"date":"2026-01-24T22:09:01","date_gmt":"2026-01-24T22:09:01","guid":{"rendered":"https:\/\/lanc.top\/2026\/?page_id=2"},"modified":"2026-04-22T02:24:05","modified_gmt":"2026-04-22T02:24:05","slug":"home","status":"publish","type":"page","link":"https:\/\/lanc.top\/2026\/","title":{"rendered":"Home"},"content":{"rendered":"<p><font color=\"WHITE\"><marquee direction=\"left\" size=\"10\" face=\"Trebuchet MS\" style=\"background:#E62020\"><strong>Extension of the Call For Papers &#8211; Deadline: May 30, 2026<\/strong><\/marquee><\/font><\/p>\n<p><!--\n<font color=\"WHITE\"><marquee direction=\"left\" size=\"10\" face=\"Trebuchet MS\" style=\"background:#E62020\"><strong>Great News: The registration fee for accepted papers at LANC 2026 (US$ 350) will cover the cost of Open Access publication in the ACM Digital Library<\/strong><\/marquee><\/font>\n--><\/p>\n<p><span style=\"display: block; font-size: 20px; font-weight: bold; padding: 7px; margin-left: 0pt; border-radius: 10px; color: white; background-image: linear-gradient(135deg, #006341, #006341, #006341, #006341, #c8102e, #006341, #006341);\">General Information<\/span><\/p>\n<p><!--\nThe 2024 Latin America Networking Conference (LANC 2024) is in-cooperation with <a href=\"https:\/\/www.sigcomm.org\" target=\"_blank\" rel=\"noopener\">ACM SIGCOMM<\/a> and will be held in conjunction with <a href=\"https:\/\/conferencia2024.clei.org\/\" target=\"_blank\" rel=\"noopener noreferrer\">CLEI 2024<\/a> (2024 Latin American Conference on Computing). In this opportunity, it will be hosted by <a href=\"https:\/\/www.uns.edu.ar\/\" target=\"_blank\" rel=\"noopener noreferrer\">Universidad Nacional del Sur<\/a>, Bah\u00eda Blanca, Argentina. LANC 2024 aims to provide an international technical forum for students, researchers, and professionals from industry and academia, everywhere in the world, but especially from the Latin American countries, to exchange ideas and present results of ongoing research in networking.\n--><\/p>\n<p>The 2026 Latin America Networking Conference (LANC 2026) will be held in conjunction with <a href=\"https:\/\/conferencia2026.clei.org\/\" target=\"_blank\" rel=\"noopener noreferrer\">CLEI 2026<\/a> (2026 Latin American Conference on Computing). In this opportunity, it will be hosted by <a href=\"https:\/\/www.itam.mx\/\" target=\"_blank\" rel=\"noopener noreferrer\">Instituto Tecnol\u00f3gico Aut\u00f3nomo de M\u00e9xico<\/a> (ITAM), Mexico City, Mexico. LANC 2026 aims to provide an international technical forum for students, researchers, and professionals from industry and academia, everywhere in the world, but especially from the Latin American countries, to exchange ideas and present results of ongoing research in networking.<\/p>\n<p>LANC 2026 will be held on September 10-11, 2026, as a hybrid conference (in-person and virtually). In addition to the traditional paper presentations, the conference will host <a href=\"https:\/\/lanc.top\/2026\/tutorials-offered\">tutorials<\/a> and <a href=\"https:\/\/lanc.top\/2026\/keynotes-offered\">keynote speeches<\/a>. Visit the Call for Papers of LANC 2026 in this <a href=\"https:\/\/lanc.top\/2026\/papers-call\" rel=\"noopener noreferrer\">link<\/a>.<br \/>\n&nbsp;<\/p>\n<p style=\"text-align: center;\"><a href=\"https:\/\/www.acm.org\/publications\/icps\" target=\"_blank\"><img decoding=\"async\" class=\"aligncenter size-full wp-image-447\" style=\"border: none; background-color: #ffffff;\" src=\"http:\/\/lanc.top\/2026\/wp-content\/uploads\/sites\/4\/2026\/02\/logo-ICPS.png\" alt=\"International Conference Proceedings Series (ICPS) Logo\" width =\"25%\" height=\"auto\"><\/a><\/p>\n","protected":false},"excerpt":{"rendered":"<p>Extension of the Call For Papers &#8211; Deadline: May 30, 2026 General Information The 2026 Latin America Networking Conference (LANC 2026) will be held in conjunction with CLEI 2026 (2026 Latin American Conference on&#46;&#46;&#46;<\/p>\n","protected":false},"author":1,"featured_media":0,"parent":0,"menu_order":0,"comment_status":"closed","ping_status":"open","template":"","meta":{"footnotes":""},"class_list":["post-2","page","type-page","status-publish","hentry"],"_links":{"self":[{"href":"https:\/\/lanc.top\/2026\/wp-json\/wp\/v2\/pages\/2","targetHints":{"allow":["GET"]}}],"collection":[{"href":"https:\/\/lanc.top\/2026\/wp-json\/wp\/v2\/pages"}],"about":[{"href":"https:\/\/lanc.top\/2026\/wp-json\/wp\/v2\/types\/page"}],"author":[{"embeddable":true,"href":"https:\/\/lanc.top\/2026\/wp-json\/wp\/v2\/users\/1"}],"replies":[{"embeddable":true,"href":"https:\/\/lanc.top\/2026\/wp-json\/wp\/v2\/comments?post=2"}],"version-history":[{"count":22,"href":"https:\/\/lanc.top\/2026\/wp-json\/wp\/v2\/pages\/2\/revisions"}],"predecessor-version":[{"id":214,"href":"https:\/\/lanc.top\/2026\/wp-json\/wp\/v2\/pages\/2\/revisions\/214"}],"wp:attachment":[{"href":"https:\/\/lanc.top\/2026\/wp-json\/wp\/v2\/media?parent=2"}],"curies":[{"name":"wp","href":"https:\/\/api.w.org\/{rel}","templated":true}]}}